- (1 + 1) - -5)
-20
What is 75 - (343 + -124 - 115)?
-29
What is 717 + -708 + -6 + 84?
87
Evaluate -26 + 39 + 78 - (-28 + 62).
57
Evaluate (-102 - (-37 - 74)) + 56.
65
Evaluate (1 - (5 + 0)) + 3 - (-283 - -334).
-52
Calculate -3 + -17 + 10 - 19 - (42 - 34).
-37
Calculate 0 + 2 + -1 - 6 - -13 - (4 + -15).
19
What is the value of (-8 - 1 - -4) + (19 - 8) - -17 - -6?
29
What is 4 + -5 - 25 - -16 - -20?
10
Calculate (44 + (-14 - 5) - 10) + -2 + -4 + 74.
83
31 - (1 + -21 + -5)
56
What is the value of -17 - (-8 - 15 - -7 - -9)?
-10
Evaluate -4 - -29 - 9 - 6 - (13 + -5).
2
Calculate -4 + -22 + 13 + 5 + 2.
-6
What is the value of (857 - 937 - (12 + 1 + 2) - 15) + -5?
-115
-9 - (-34 - 0) - -6
31
Calculate 23 - -4 - (-70 - (4 + -16)).
85
Evaluate 22 - (-31 + 33) - (-2 - 38).
60
Evaluate 46 + (-25 - -5) + (-15 - 4).
7
Evaluate (-8 - -5 - (2 + -14)) + -48 + 65.
26
1 - (-7 + -21 + 17 + -28)
40
What is the value of -339 + 349 + -14 + (0 - (11 + -5))?
-10
Evaluate -55 + -4 - (-10 + -1 + (2 - (-13 + 9))).
-54
(-2 - (-4 + -1)) + -11 - ((-55 - -66) + -39)
20
(50 - 1) + -7 - (-7 + 163)
-114
What is the value of -61 - (-1 + (4 + 2 - 22)) - -9?
-35
22 + (-12 - (3 + (4 - 5)))
8
What is -225 + -7 - (105 + -224)?
-113
Calculate -101 - (-279 - (-65 + -45)).
68
Evaluate 6 + (0 - -2 - -16 - (7 + 2)) + 27.
42
Calculate -13 - ((6 - 107 - -7) + (-2 - -4 - -8)).
71
5 - (105 + 22 + (-22 - 19) + (12 - 0))
-93
1 + -23 - (76 + (-1 - 24))
-73
-12 + (35 - (41 - 12) - -86)
80
What is -53 - (3 + -1 + 0 + 3 + 89 + -89)?
-58
Evaluate -61 - 34 - -71 - ((0 - -8) + -5 + 3).
-30
Evaluate 0 + 16 - (-27 + 108 + -47).
-18
Evaluate 3 - -114 - (-12 - (40 - 53)).
116
Calculate (-96 + 23 + 17 + -15 - -13) + -7.
-65
Calculate -12 + (-136 - -139) + 14 + 0.
5
What is (35 - 99) + 47 + -83?
-100
Calculate 51 + 55 + (76 - 192).
-10
What is the value of 2 + -2 - (100 - (248 + -67))?
81
Calculate -24 + -14 - (65 - 74).
-29
46 + (9 + 1 + -7 + -9 - 4)
36
Evaluate (-3 + -2 - 2) + (50 - (-15 - -66)).
-8
Evaluate (0 + 3 - -20) + -329 + 356.
50
Calculate -2 - 1 - (-20 - (-83 + 63)).
-3
31 + (-19 - -31 - 0) + 10 - -19
72
What is 54 + (-29 - -8) + -38 + (-76 - 0)?
-81
32 + (-32 + (20 - -5) + 19 - -9)
53
What is 90 + 28 - (6 - (-3 - 8))?
101
What is (12 - (29 + -5) - -16) + -9 + 9?
4
Calculate 18 + (-83 + 7 + 16 - -24).
-18
What is the value of -3 - 7 - (-1481 - -1358)?
113
What is the value of (-18 + 13 + (12 - -2) - 4) + -4?
1
Calculate -2 + 1 + -2 - (5748 + -5708).
-43
Calculate -6 - (26 - (7 + 5) - -30).
-50
What is the value of (-2 - 8) + -7 + -25 + -4?
-46
What is the value of -134 + 126 - (-12 + 11 + 15)?
-22
4 + 1 + 148 + (-21 - 99)
33
What is the value of 4 + (16 - 18 - -24) + -102 + 0 + -12?
-88
(-9117 - -9075) + (67 - (-1 + -1))
27
(-39 + 88 - 64) + (22 - 0) + 85
92
Evaluate 99 + 12 + -190 + 69.
-10
Evaluate 33 + -36 + 21 - 24.
-6
Evaluate 28 + -121 - (-1 - -7) - ((1 - 2) + -7).
-91
-36 + 101 + -72 - (2 + -2 + -103)
96
Evaluate (-74 - -35) + 97 - 10.
48
Evaluate (3 - -133) + 341 + -620.
-143
Calculate (0 - (1 + (1 - 1))) + -10897 + 10974.
76
What is the value of (-4 + 11 + (58 - -6) - 5) + (-3 - 1)?
62
-181 + (140 - 21) + 74
12
What is the value of (-57 - -10) + 72 - (-20 - -2)?
43
Evaluate -13 - (-32 - -30 - 88).
77
200 + -192 + -68 + -6 + (-6 - -5)
-67
47 + (15 - 72 - 18)
-28
What is (26 - 33) + 5 + 0 + -1 + 22?
19
Calculate (7 - 15) + 36 + -77.
-49
Evaluate 37 + 24 + 6 - (-19 + 3 - 1).
84
(121 - 167) + (-25 - 5) - -17
-59
What is (102 - 90) + (87 - (-8 + (1 - (-13 + 8))))?
101
Evaluate 12 - 32 - (-8 - (3 - -4)) - (12 + -2).
-15
1 + (-5 + (-9 - (3 - 22)) - 13) + -19
-26
What is the value of (22 - (3 - -1)) + (-16 - (-30 - (13 + -28)))?
17
Evaluate -44 + 15 - -21 - (4 + (-105 - 4)) - -7.
104
Evaluate 3 + (3 - 3) - (-977 - -994).
-14
Evaluate 104 + -45 + (-94 - 19).
-54
Evaluate (1 + 1 - -2) + 8 + (-28 - -66).
50
Calculate (318 - 307) + (5 - 3 - 12).
1
Calculate -1 - -17 - ((-35 - -14 - -3) + 6).
28
What is the value of (204 - (-49 - -148)) + -103?
2
What is 309 + -303 + -7 + (-8 - (-89 - -3))?
77
What is the value of -16 - -4 - (-34 + 39 + 6)?
-23
What is the value of -10 - ((21 - 83) + 30) - 42?
-20
What is the value of 2 + 7 + (31 + -28 - 26) - -42?
28
Evaluate -855 + 837 - (3 - -27).
-48
What is the value of -63 - -7 - ((33 - 55) + 17)?
-51
Evaluate -14 - (31 + -11 - 45) - (11 + -10 + 18).
-8
What is 26 + -26 + -22 + 17 - (-5 + -1 + -129)?
130
What is (140 + -45 - 93) + 1 + 27?
30
Calculate (4 - (45 + -18 + -29 - (-3 + -5))) + -2.
-4
Calculate -10 + 20 + -16 + 15 + 53.
62
What is the value of (7 + -4 - 0) + (-102 - -72) + 40?
13
What is the value of -111 - (92 + -51 - 230)?
78
Calculate -19 + 55 + 23 + -72.
-13
-4 + (1 - 2) + (29 + 94 - 149)
-31
-21 + (-28 - (16 - 73)) + 13 + -22
-1
19 + -113 + 43 + 76
25
What is the value of -151 + (113 - -87) + -23?
26
Evaluate (-7 + 30 - 5) + (-1174 - -1187).
31
What is the value of 36 + 8 + 0 - -13?
57
What is -77 - -26 - -77 - 32?
-6
What is the value of (1 + 1 - -5) + -3 + 0 + -13 + 11?
2
What is (4 - 12) + 341 + -286?
47
23 + (-29 - -24 - -17) + -61
-26
What is 293 + -273 - ((-33 - -33) + (0 - (0 + -6)))?
14
What is -67 + (9 + 25 - 4)?
-37
What is the value of (58 - 1) + (14 - (-35 + 41)) - 13?
52
Calculate (5 - -37) + -4 + -7 + 10 + 5.
46
Calculate 6 - (4 - (3 + -11)) - (-5 - 5) - -26.
30
What is 5 - ((1 - 16 - 68) + 41)?
47
(-10808 - -10926) + (0 - 237)
-119
(49 - -12) + 0 - 86
-25
-11 - -29 - 32 - -48
34
-2 + (82 + -3 - -3) - (17 + -85 - -78)
70
Evaluate -22 + (0 - 2 - ((-73 - -26) + 38)).
-15
(89 - 117 - (-133 + -5)) + (11 - 3)
118
Evaluate -159 - (-144 + 47) - (-13 + -2 + 2).
-49
Evaluate 369 + -374 + 7 + (-4 - -1) - (-48 - -3).
44
(27 - 114) + 189 + 7
109
Calculate -13 - (1158 - 1181 - (-9 - (-1 + 2))).
0
Evaluate 4185 - 4123 - (-1 - -26).
37
Calculate 88 + -75 + 113 + -218.
-92
What is the value of (-11 - (9 + -38) - 40) + -17?
-39
What is 0 - 3 - -38 - (6218 + -6202)?
19
Calculate (1 + 0 - 0 - 9) + 16 - -24.
32
What is (-1 - -8) + -72 + 114 + -35?
14
Evaluate -112 + (220 - (28 + -12)).
92
Evaluate 81 + (-61 - 18) + 9.
11
(3 - 14 - -1) + (-3 - (33 - 56))
10
What is 24 + (28 - (-54 + 31))?
75
What is -19 + 0 + 17 + 16 + 9?
23
What is 0 - 46 - (-913 - -899)?
-32
What is the value of (2 - (-3 - -19)) + 9 - -53 - (34 - 28)?
42
-69 - (66 + 19 + -156)
2
1 + (-4 - 0) + 0 - (221 + -260)
36
Calculate -19 - (-74 + 137 - 143).
61
What is -1 + ((-4 - -8) + -5 - -13) - (84 + -19)?
-54
1 + -8 - (21 - (-12 + 8) - 25)
-7
What is -143 + -1 + 2206 + -2084?
-22
What is 3 + -1 + (49 + -98 - 86)?
-133
(-9 - (30 + -15)) + 62
38
What is (-34 - 0) + (141 - 131) + 84?
60
What is the value of 17 + 1 + 0 - (-536 - -545) - (31 - 2)?
-20
What is the value of -5 - 0 - (-2532 + 2560)?
-33
Calculate 5 - (46 + -25 + 10) - -25 - (0 - 39).
38
What is 93 + -183 + 213 - (2 + (-3 - 1) + 14)?
111
(-206 - -106) + -5 + 163
58
What is the value of (22 - 6 - 12) + -11?
-7
What is -140 - (-128 + -29 + -60)?
77
(5 - -3 - (-61 + 49)) + 5
25
(83 + -30 - 67) + 40
26
What is (-2 - 8) + 1 + 39 + -34 + 46?
42
What is (18 - 2) + -2 + 44 - (14 + (-7 - -5))?
46
Evaluate -497 + 515 + (0 - (2 - -6)) - -27.
37
-5 - -18 - (295 + -327)
45
Evaluate -6 - ((111 + -28 - 20) + -3 + 11).
-77
(39 - 73) + 22 - (-46 + -4)
38
What is -18 + 66 + -41 - -25?
32
-11 - ((-7 - 9) + -1) - 19
-13
-96 + -23 + 119 + (-18 + 48 - (0 - -1))
29
Evaluate -35 + 4 + 19 + -1 + 23 + (-36 - 3).
-29
(-8 - 5) + -1 + 55 + (-68 - -72)
45
What is the value of 37 + 23 + 158 + -254?
-36
Calculate -67 + 19 - (-44 + -24).
20
Evaluate -58 + (5 - 8) - (-14 + (59 - 27)).
-79
(-35 - 7) + -4 + 44
-2
Evaluate -120 + (-144 - -274) - (-1 + 5) - -110.
116
What is the value of -6 + 0 - -27 - (59 - 42)?
4
What is the value of 1 + 13 - (15 + -30 - (11 - 2))?
38
What is the value of 14 - (14 + (19 + -19 - (-8 - -1)))?
-7
What is the value of (81 - 37) + 67 + -144?
-33
What is the value of 99 + (-57 - 30) + -62 + 0?
-50
0 + 19 + (-37 + 83 - (38 + -4))
31
24 + -41 + (9 + -1 - 0)
-9
100 + -82 + 164 + -264
-82
-4 - (-11 - -11) - (-26 - -113)
-91
What is -4 + (5 + -6 - -20) + -8 - (7 - -60)?
-60
((1 - 4) + (4 - 1) - -6) + (-34 - -2)
-26
What is the value of 46 + -133 + 27 - -27?
-33
Evaluate -2 + -8 + -1 - -18 - 9.
-2
What is the value of (-27 - (-12 - (1 - 